the greatest common divisor of 19546488 and 47736.
2808
What is the highest common divisor of 175299 and 483297?
213
What is the highest common divisor of 420 and 1899618?
42
What is the greatest common factor of 21515780 and 1040?
260
Calculate the highest common factor of 2085489 and 1536925.
4729
What is the greatest common divisor of 212 and 28359346?
106
What is the highest common divisor of 5921 and 40874?
191
Calculate the highest common divisor of 2945 and 362855.
155
Calculate the highest common factor of 360 and 2402656.
8
What is the highest common divisor of 8883 and 489223?
329
What is the highest common factor of 363592 and 987?
47
Calculate the highest common divisor of 40 and 2611820840.
40
What is the highest common factor of 7155 and 22622265?
45
Calculate the greatest common divisor of 4293690 and 1530.
510
What is the highest common factor of 4060 and 21546362?
58
What is the highest common divisor of 94 and 123481267?
47
What is the greatest common divisor of 2858944296 and 166?
166
Calculate the greatest common divisor of 94 and 13169353.
47
What is the highest common divisor of 50622710 and 334?
334
Calculate the greatest common divisor of 553537 and 14688.
17
What is the greatest common divisor of 71008 and 936?
8
Calculate the highest common factor of 55271 and 33801.
19
What is the highest common divisor of 49384188 and 180?
36
What is the greatest common factor of 61710 and 12535545?
2805
Calculate the highest common divisor of 1029 and 1099623.
21
What is the greatest common divisor of 5454638 and 10703?
973
Calculate the highest common factor of 48965368 and 496.
248
Calculate the greatest common divisor of 40570 and 41012213.
4057
What is the greatest common factor of 139319838 and 170667?
3969
What is the greatest common divisor of 319256556 and 606?
606
Calculate the highest common divisor of 2870 and 54460.
70
Calculate the greatest common factor of 5920286 and 1406.
38
What is the greatest common factor of 232 and 8696143?
29
Calculate the highest common divisor of 1383294 and 11660.
22
What is the highest common factor of 94899718 and 114?
38
Calculate the highest common divisor of 63979 and 254515.
467
Calculate the highest common factor of 3120 and 27425760.
240
What is the highest common divisor of 3025 and 2526700?
275
What is the greatest common divisor of 53350 and 15950?
550
Calculate the highest common factor of 8134495 and 6472.
809
Calculate the highest common divisor of 132132096 and 1152.
1152
What is the greatest common divisor of 7755 and 5603763?
1551
Calculate the highest common factor of 1288 and 172582.
2
What is the highest common divisor of 5626 and 4559?
97
What is the greatest common divisor of 324 and 182148?
12
What is the greatest common factor of 119380 and 70739?
127
Calculate the greatest common divisor of 27588 and 1591896.
228
Calculate the greatest common factor of 134731732 and 476.
68
Calculate the highest common factor of 25795 and 6409865.
385
What is the highest common factor of 4486 and 14886791?
2243
Calculate the highest common factor of 44056 and 109.
1
Calculate the greatest common divisor of 375071904 and 27.
27
Calculate the greatest common factor of 262 and 653907984.
262
Calculate the greatest common factor of 6114 and 141089721.
3057
What is the greatest common divisor of 5538175 and 697?
17
What is the greatest common factor of 4157676 and 1336572?
4932
Calculate the highest common divisor of 165954450 and 3900.
150
What is the highest common factor of 1110 and 559110?
30
Calculate the highest common divisor of 5180208 and 1136.
16
Calculate the greatest common divisor of 94476 and 49656.
12
Calculate the highest common divisor of 66 and 298421266.
22
Calculate the greatest common factor of 30504 and 60392.
8
What is the highest common divisor of 36592 and 19504?
16
What is the highest common factor of 179334 and 226566?
738
Calculate the highest common factor of 143156835 and 540.
135
Calculate the greatest common factor of 102863 and 110693.
29
Calculate the greatest common factor of 13317 and 3039171.
579
What is the highest common factor of 977408 and 14536?
184
Calculate the greatest common factor of 508864 and 4944.
16
Calculate the highest common divisor of 268219 and 5957.
7
What is the greatest common divisor of 6 and 35034114?
6
Calculate the greatest common divisor of 592 and 3107334.
74
What is the highest common divisor of 2456286 and 5773?
251
Calculate the greatest common factor of 1806 and 862279.
43
Calculate the highest common divisor of 1423600968 and 24.
24
What is the greatest common factor of 5551 and 4178317?
793
Calculate the greatest common divisor of 35399 and 166795031.
5057
What is the greatest common divisor of 35017902 and 90?
18
Calculate the highest common divisor of 419425 and 869755.
4415
What is the highest common factor of 1750 and 2390?
10
Calculate the highest common factor of 305100062 and 304.
38
What is the highest common divisor of 125012 and 24?
4
Calculate the highest common divisor of 22495 and 1383140.
55
Calculate the greatest common divisor of 199069 and 91.
13
What is the highest common divisor of 474 and 12478840?
158
Calculate the greatest common factor of 310 and 652180.
10
Calculate the greatest common factor of 46008 and 1133838.
162
What is the greatest common factor of 16983 and 20689?
17
What is the greatest common divisor of 5495 and 735388?
157
Calculate the highest common divisor of 2179243884 and 12.
12
Calculate the highest common factor of 93015 and 328971.
159
Calculate the greatest common factor of 23800 and 5903800.
1400
What is the highest common factor of 1287 and 14305005?
1287
What is the highest common divisor of 88 and 2012152?
8
What is the highest common divisor of 2958 and 72296478?
2958
What is the greatest common factor of 682969 and 65919?
301
Calculate the greatest common factor of 660633 and 5109.
393
Calculate the highest common factor of 13607046 and 1998.
666
What is the greatest common factor of 12 and 1021737588?
12
Calculate the greatest common factor of 18 and 89092.
2
Calculate the greatest common divisor of 11031 and 505160968.
3677
Calculate the highest common divisor of 432 and 4204752.
48
Calculate the greatest common factor of 1233752 and 19864.
104
What is the greatest common divisor of 82 and 960184?
2
What is the highest common factor of 952 and 79240?
56
What is the highest common factor of 4080 and 496740?
1020
What is the greatest common factor of 1505 and 258976315?
215
What is the greatest common divisor of 27544 and 1051644?
44
What is the greatest common factor of 10584247 and 198326?
1871
Calculate the highest common divisor of 824 and 69922.
2
Calculate the highest common divisor of 38040 and 520.
40
Calculate the greatest common divisor of 1487970107 and 11518.
5759
Calculate the greatest common divisor of 1116 and 508989.
93
Calculate the greatest common divisor of 120 and 14001816.
24
Calculate the greatest common divisor of 8 and 44283140.
4
Calculate the greatest common factor of 13225 and 7749425.
25
Calculate the highest common factor of 829920 and 12012.
1092
What is the greatest common factor of 91048 and 19?
19
What is the highest common divisor of 5432664 and 492?
492
Calculate the greatest common factor of 62359431 and 278.
139
Calculate the greatest common divisor of 2204 and 4274012.
76
Calculate the highest common divisor of 210 and 88866330.
210
What is the greatest common divisor of 221 and 906178?
13
Calculate the highest common divisor of 293216 and 266662.
374
What is the highest common factor of 7154 and 119511?
49
What is the highest common factor of 14032530 and 6210?
2070
What is the greatest common factor of 101236 and 556?
4
Calculate the greatest common divisor of 308 and 11968.
44
What is the highest common factor of 191022 and 427232?
2054
Calculate the highest common divisor of 7008 and 45114.
438
Calculate the highest common divisor of 20019489 and 1666.
833
Calculate the greatest common factor of 2004 and 29184753.
501
What is the highest common factor of 9161 and 316173593?
9161
What is the highest common divisor of 14662 and 3575607278?
14662
What is the greatest common factor of 21780 and 56880?
180
Calculate the greates